 889124254?
5
What is the ten millions digit of 254483595?
5
What is the millions digit of 52578120?
2
What is the thousands digit of 3351161?
1
What is the tens digit of 423139820?
2
What is the hundreds digit of 332063744?
7
What is the millions digit of 719909797?
9
What is the hundreds digit of 296124195?
1
What is the ten millions digit of 10430233?
1
What is the ten thousands digit of 2290735932?
3
What is the millions digit of 245097396?
5
What is the tens digit of 1485739393?
9
What is the hundreds digit of 1942706485?
4
What is the units digit of 153641204?
4
What is the hundred millions digit of 679704902?
6
What is the hundreds digit of 41454697?
6
What is the ten thousands digit of 33212425?
1
What is the units digit of 59680391?
1
What is the tens digit of 305588331?
3
What is the hundreds digit of 200669241?
2
What is the hundred thousands digit of 3746609418?
6
What is the units digit of 3724162178?
8
What is the hundred thousands digit of 579197169?
1
What is the hundreds digit of 92993146?
1
What is the units digit of 540897624?
4
What is the hundred millions digit of 2437815093?
4
What is the units digit of 38236870?
0
What is the units digit of 8844243?
3
What is the thousands digit of 167947146?
7
What is the thousands digit of 3668818092?
8
What is the units digit of 947766864?
4
What is the hundreds digit of 539078617?
6
What is the ten thousands digit of 1602673118?
7
What is the hundred millions digit of 1775483166?
7
What is the ten millions digit of 204253965?
0
What is the ten thousands digit of 938403148?
0
What is the billions digit of 1364990387?
1
What is the hundred thousands digit of 76340344?
3
What is the hundred thousands digit of 5790489296?
4
What is the millions digit of 31623980?
1
What is the hundred millions digit of 256293300?
2
What is the ten thousands digit of 593129090?
2
What is the thousands digit of 28024815?
4
What is the hundred millions digit of 556485017?
5
What is the thousands digit of 50080667?
0
What is the hundred thousands digit of 4872403212?
4
What is the thousands digit of 46435743?
5
What is the hundred thousands digit of 1760833383?
8
What is the ten millions digit of 690158541?
9
What is the units digit of 195092312?
2
What is the billions digit of 6473395128?
6
What is the hundreds digit of 2644148005?
0
What is the ten millions digit of 464692615?
6
What is the tens digit of 6745236?
3
What is the tens digit of 1116589631?
3
What is the hundreds digit of 4786257306?
3
What is the millions digit of 73910803?
3
What is the millions digit of 6609001097?
9
What is the hundred millions digit of 802348989?
8
What is the units digit of 786638541?
1
What is the ten thousands digit of 2237629?
3
What is the tens digit of 8971225735?
3
What is the hundreds digit of 633706055?
0
What is the tens digit of 97302361?
6
What is the hundred thousands digit of 6820904028?
9
What is the hundreds digit of 868896337?
3
What is the ten millions digit of 396511319?
9
What is the millions digit of 3435447018?
5
What is the millions digit of 7238249306?
8
What is the tens digit of 2763585443?
4
What is the tens digit of 1132725121?
2
What is the thousands digit of 792554055?
4
What is the ten thousands digit of 248137760?
3
What is the units digit of 3706023?
3
What is the units digit of 118683304?
4
What is the millions digit of 41382332?
1
What is the millions digit of 29990139?
9
What is the ten thousands digit of 19720280?
2
What is the units digit of 32047047?
7
What is the ten thousands digit of 1142302275?
0
What is the thousands digit of 154402477?
2
What is the units digit of 4373031827?
7
What is the thousands digit of 3616340992?
0
What is the hundred thousands digit of 281136634?
1
What is the hundreds digit of 158143962?
9
What is the ten millions digit of 455783721?
5
What is the hundreds digit of 28146092?
0
What is the hundreds digit of 201319464?
4
What is the millions digit of 30224140?
0
What is the millions digit of 6741637999?
1
What is the thousands digit of 157755803?
5
What is the millions digit of 3154152534?
4
What is the tens digit of 1823148900?
0
What is the hundred thousands digit of 4707776739?
7
What is the tens digit of 106476573?
7
What is the tens digit of 416873?
7
What is the ten thousands digit of 1808782?
0
What is the ten millions digit of 1392904523?
9
What is the millions digit of 131084188?
1
What is the hundred millions digit of 453961081?
4
What is the units digit of 486207747?
7
What is the hundred thousands digit of 164128448?
1
What is the hundred millions digit of 530286009?
5
What is the billions digit of 1245663083?
1
What is the tens digit of 21838661?
6
What is the millions digit of 73505941?
3
What is the thousands digit of 1174790224?
0
What is the hundred thousands digit of 68340015?
3
What is the hundred millions digit of 1271893410?
2
What is the millions digit of 4007327177?
7
What is the ten thousands digit of 86508206?
0
What is the units digit of 68764604?
4
What is the hundred millions digit of 125027247?
1
What is the hundreds digit of 43477344?
3
What is the ten thousands digit of 220873889?
7
What is the hundred thousands digit of 6484867?
4
What is the ten millions digit of 15731141?
1
What is the thousands digit of 383817252?
7
What is the tens digit of 90737536?
3
What is the thousands digit of 3034887?
4
What is the hundred millions digit of 7736676401?
7
What is the hundreds digit of 19340976?
9
What is the tens digit of 38818369?
6
What is the hundred thousands digit of 627751620?
7
What is the millions digit of 934617664?
4
What is the ten millions digit of 30447218?
3
What is the ten thousands digit of 112107234?
0
What is the hundred thousands digit of 572237477?
2
What is the hundred thousands digit of 248162301?
1
What is the units digit of 640445107?
7
What is the hundred millions digit of 713998643?
7
What is the thousands digit of 58976156?
6
What is the ten millions digit of 27998800?
2
What is the millions digit of 169158412?
9
What is the hundreds digit of 2233427225?
2
What is the ten thousands digit of 4524370506?
7
What is the thousands digit of 870337805?
7
What is the hundreds digit of 2096610620?
6
What is the ten thousands digit of 59230746?
3
What is the ten millions digit of 2264842607?
6
What is the hundreds digit of 1295785447?
4
What is the thousands digit of 75276587?
6
What is the tens digit of 1341273592?
9
What is the hundreds digit of 475789428?
4
What is the ten thousands digit of 153133721?
3
What is the ten millions digit of 845317266?
4
What is the millions digit of 72961095?
2
What is the thousands digit of 63545259?
5
What is the ten millions digit of 51922956?
5
What is the hundreds digit of 139721267?
2
What is the units digit of 13759887?
7
What is the ten thousands digit of 24652512?
5
What is the thousands digit of 1726809397?
9
What is the units digit of 228542330?
0
What is the hundred thousands digit of 120456519?
4
What is the hundred millions digit of 1597605427?
5
What is the ten thousands digit of 1750765996?
6
What is the hundreds digit of 735105427?
4
What is the millions digit of 63383428?
3
What is the units digit of 55253634?
4
What is the ten millions digit of 10478706?
1
What is the billions digit of 5306246865?
5
What is the hundred thousands digit of 144613493?
6
What is the hundreds digit of 488943407?
4
What is the thousands digit of 46712167?
2
What is the ten thousands digit of 31982570?
8
What is the hundred thousands digit of 131260207?
2
What is the millions digit of 18237807?
8
What is the billions digit of 1637679492?
1
What is the hundreds digit of 29242347?
3
What is the tens digit of 283860776?
7
What is the millions digit of 5914088198?
4
What is the ten thousands digit of 50102538?
0
What is the ten millions digit of 67259693?
6
What is the thousands digit of 72728859?
8
What is the thousands digit of 2373833218?
3
What is the ten millions digit of 1058585732?
5
What is the tens digit of 400091699?
9
What is the ten thousands digit of 48100133?
0
What is the millions digit of 908460110?
8
What is the hundred millions digit of 125773957?
1
What is the thousands digit of 130724014?
4
What is the hundred millions digit of 356460980?
3
What is the units digit o